n(w) = -4*w. Determine n(p).
-12
Let m(b) be the third derivative of -b**6/120 - b**5/60 + b**4/24 + 2*b**3 - 3*b**2. Let g(k) = 552*k + 4968. Let j be g(-9). Give m(j).
12
Let o(j) = -j**2 + 2*j. Let q be o(0). Let c(i) = q + 2*i + 0 - 1 - 12*i. Give c(1).
-11
Let t(g) = g - 20. Suppose -30*b + 28 = -28*b + 2*w, 4*w + 19 = b. Give t(b).
-5
Let k be -3*(-10)/195 - 672/(-26). Suppose 0 = -k*w + 21*w + 15. Let h(p) be the third derivative of -p**5/60 + p**4/12 - p**3/6 + 7*p**2. Determine h(w).
-4
Let m(o) = 4*o**2 + 50*o + 20. Let w = -3904 - -3892. Determine m(w).
-4
Let y(s) be the third derivative of -s**6/15 - s**5/60 - s**4/24 - s**3/6 + s**2. Let u = 121 + -127. Let i be 4/5 - ((-117)/(-15) + u). Determine y(i).
7
Let b = -611 + 620. Suppose -5*w + b*w = -8. Let p(x) = -3*x**2 - 1. Calculate p(w).
-13
Suppose -2*w + 1 = -3*w. Let v(q) = -q**2 + q. Let r(i) = 3*i + 4*i + 11*i**2 + 8*i**2 - 16*i**2 + 3. Let b(u) = w*r(u) - 2*v(u). Calculate b(-6).
15
Let l(g) be the third derivative of -13*g**4/24 - 337*g**3/6 + 56*g**2 - 2*g. Determine l(-26).
1
Let g(p) = -4*p - 3. Let h(x) be the second derivative of 0 - x**2 + 22*x - 1/2*x**3. Let r(a) = 2*g(a) - 3*h(a). What is r(7)?
7
Let d(z) = -21*z + 46*z + 9 - 20 + z**2 + 64. Suppose 0 = 11*j + 204 + 49. What is d(j)?
7
Suppose 3*r + 6 = 0, 0 = 6*m - 11*m + 5*r - 75. Let h be 6 - (-8 - (m + 1)). Let w(d) = 7*d. Let o(j) = 6*j + 1. Let i(y) = -3*o(y) + 2*w(y). Calculate i(h).
5
Suppose -31*a = -4*w - 37*a + 42, a - 7 = 0. Let g(u) be the third derivative of w*u - 1/30*u**5 + 1/8*u**4 + 0*u**3 + 33*u**2 + 0. Give g(3).
-9
Let k(a) = 15 - 11*a**3 + 26*a**3 - 6*a**3 - 7*a**3 - 3*a**3 + 7*a**2 - 9*a. Give k(6).
-3
Let v be (18/(-10))/(15/(-50)). Let h(r) = r**3 - 10*r**2 + 2*r - 6. Let b(q) = 2*q**3 - 21*q**2 + 4*q - 11. Let l(t) = -4*b(t) + 9*h(t). Give l(v).
2
Let n(g) be the first derivative of -1/2*g**2 - 5*g - 64. Calculate n(4).
-9
Suppose 22*n - 26*n + 16 = 0. Let h(v) = 30*v + 10. Let p be h(n). Let y(t) = -73*t - 68*t + p*t - 14 - t**2. Determine y(-10).
-4
Let q(d) = -d. Let z be q(4). Let o be 2 - ((-6)/6 - -1). Let y(i) = -2*i**2 + 8*i - 1. Let w(k) = k**2 - 6*k + 2. Let u(l) = o*y(l) + 3*w(l). Determine u(z).
-4
Let j(c) = c - 1. Suppose -5*k + 1 = -4*s, -2 = 3*k - s - 4. Let l(o) = o - 9. Let m(q) = k*l(q) - 2*j(q). Determine m(-6).
-1
Let k(t) = -t**2 - 2*t + 10. Let x(i) = i**2 + 2*i - 31. Let f be x(5). Suppose -f*v = -2*a - 10, -7*a - 15 = -4*a - 5*v. What is k(a)?
-5
Let c(i) = -25*i - 18*i + 58*i + 0 - 30 - 22*i. Calculate c(-5).
5
Suppose 34*y - 17 - 18 = -y. Let o(h) = -6*h - 4. Determine o(y).
-10
Let r(o) = 4*o - 1 - 5*o + 0 + 0. Let g be r(5). Let x be (-9)/(-6)*g/9. Let p(s) = -8*s**2. Calculate p(x).
-8
Let q(y) = -y**3 + 21*y**2 - 37*y - 19. Let r be q(19). Let b(n) = r*n + 5 + 0*n**2 - 5*n + 10*n + n**2. What is b(-6)?
11
Let j(w) = w - 23. Suppose 328*b = 335*b - 42. Let a(d) = -d + 19. Let p(x) = b*j(x) + 7*a(x). Calculate p(6).
-11
Suppose 1 = 4*b + 37. Let l(x) be the third derivative of x**5/60 + 5*x**4/12 + x**3/6 - x**2 + 3*x. Determine l(b).
-8
Suppose 22 = c + 3*f, 110 = -2*c + 7*c - f. Suppose -c*w + 15 = -17*w. Suppose 5*a + 12 = -w. Let j(k) = -k - 3. What is j(a)?
0
Let p(k) = k**2 - 4*k - 3. Let v(x) = -x**2 + x + 1. Let b(y) = p(y) + 2*v(y). Let c = 158 - 130. Let i be (-32)/c + -4 + (-116)/(-28). Calculate b(i).
0
Let g(x) = 2*x**2 + 7*x + 5. Suppose 0 = 11*w - 0*w - 44. Suppose -4*l + 5*b - 10 = 6, -4*b = l + w. Give g(l).
9
Let l(p) be the first derivative of -3*p**2/2 - 4*p + 1. Suppose 401 = 4*k - 2*g + 435, 29 = -5*k + g. What is l(k)?
8
Let w(u) = -u**2 + 8*u + 4. Let p be w(6). Let t be (-24)/(-16)*p/6. Let v be (1 - 2) + 0 + (-4)/t. Let x(n) = -8*n - 2. Determine x(v).
14
Let j(h) = h**2 - 3*h - 158. Let r = -4230 + 4219. Calculate j(r).
-4
Let i(y) = 2*y + 24. Suppose -3*j + q + 101 = 0, 4*j - 8*j + 2*q = -136. Let r = j - 33. What is i(r)?
24
Let f(r) = 39*r + 1. Let v(z) = -2*z**3 - 3*z**2 + 44*z - 1. Let j be v(4). Give f(j).
-38
Let d(k) = k**3 - k**2 + k + 3. Let i = -122 + 122. Let b be i/((-8)/(1 + 3)). What is d(b)?
3
Let a(f) = -13*f**2 - f + 3. Let d = -15 - -12. Let s(w) = -6*w**2 - w + 2. Let n(o) = d*a(o) + 5*s(o). Let h be n(1). Let g(r) = r**2 - 8*r - 4. What is g(h)?
-4
Let c(v) = -v**2 - 144*v + 4036. Let m be c(24). Let t(o) = 18*o - 38. Determine t(m).
34
Let r(m) = m**3 - 12*m**2 + 22*m + 9. Let u be r(3). Let v(y) = 25*y + 141. What is v(u)?
-9
Let d(r) be the first derivative of r**4/4 + 4*r**3 + 2*r**2 + 2*r - 54. What is d(-12)?
-46
Suppose g + 10 = -5*u, -3*u = g + 3*g + 23. Let m(r) = 0*r + 4 + 12*r + 32*r - 37*r + 2*r. Give m(u).
-5
Suppose -1075 + 1059 = 4*w. Let z(g) = -4*g**2 - 14*g - 1. What is z(w)?
-9
Suppose -2*l + 7 = -5*v, 2*l = -52*v + 53*v + 3. Let r(a) = -a - 1. Suppose -2*f + 0 = 10. Let m(k) = -7*k - 12. Let c(t) = f*r(t) + l*m(t). Calculate c(-8).
9
Let g(v) = v**3 - 9*v**2 + 10*v - 10. Let r(j) = 7*j**2 + 1. Let m be ((-98)/(-21))/(1/(-3)). Let n be 8*2/m - (-8)/56. Let d be r(n). What is g(d)?
6
Let v(c) be the second derivative of -15*c - 1/2*c**2 + 0 + 1/6*c**3. Suppose 5*z - 5*x + 14 + 11 = 0, 3*z + 7 = -5*x. What is v(z)?
-5
Let n(s) = s**2 - 20*s + 25. Let g = 4491 - 4472. What is n(g)?
6
Suppose -3*w + 12 = 0, 0*w - 16 = 2*f - 3*w. Let i(h) = -8*h - 50. Let s(a) = 2*a + 12. Let g(q) = f*i(q) - 9*s(q). What is g(-6)?
4
Let g be (-2*1/8)/(36/144). Let j(d) = -22*d - 1 + 9*d + d - 6*d. Determine j(g).
17
Let j(l) be the first derivative of -4*l + 47 + 1/2*l**2. Calculate j(3).
-1
Let i(a) = 7*a**3 + 47*a**2 + 18*a - 92. Let v(x) = 11*x**3 + 75*x**2 + 29*x - 138. Let t(m) = -8*i(m) + 5*v(m). Calculate t(0).
46
Let j(l) = l**3 - l**2 - 4. Suppose 67 - 3 = 19*q - 31. Determine j(q).
96
Let t(a) = a**2 + a + 12. Suppose 12 = 5*w + o - 57, 5*o - 85 = -5*w. Suppose -6 = 11*d - w*d. Suppose -2*s + 3 = d. Determine t(s).
12
Let t(v) = -v**2 + 2*v + 4. Let s(c) = -803*c - 807. Let q be s(-1). Determine t(q).
-20
Let s(j) = -12*j - 34*j**2 - 1 - j**3 - 14*j + 63*j**2 + 23*j - 24*j**2. Suppose 0 = 4*f - 12 - 4. What is s(f)?
3
Let m(p) = -69*p - 8899. Let v be m(-129). Let u(s) = -40*s + 21. Calculate u(v).
-59
Let a(d) = -39*d**2 + d - 2280 + 2280 + 31*d**2 - d**3. Calculate a(-9).
72
Let u(p) = -20*p**2 + 49719 - 49716 - p**3 - 4*p**3. Calculate u(-4).
3
Let c(s) = 2*s + 29. Let i be c(-15). Let f(b) be the second derivative of -b**5/10 - b**3/6 - 116*b. What is f(i)?
3
Let u = 1219 - 1219. Let b(i) be the third derivative of -i**6/120 + i**4/24 - 19*i**3/3 - i**2. Determine b(u).
-38
Let x = -41 - -47. Let h be (57/4)/19*8/x. Let i(y) = 10*y**2 + y. Determine i(h).
11
Let i(m) = -m + 9. Let z be i(6). Suppose -z*f + c + 3*c = -61, 33 = f + 5*c. Let t(q) = 19*q + q**2 - f*q - 2*q**2. Give t(-3).
3
Suppose 20 = -c + 6*c. Suppose -c*b = -111 - 37. Let a(x) = -18*x + 1 + b*x - x**2 + 0 - 18*x. Calculate a(3).
-5
Suppose -64 = -3*k - 16. Let u(p) = p**2 - 16*p + 5. Let d be u(k). Let n(o) = -o**2 - o - 3. Calculate n(d).
-33
Let s(c) be the third derivative of c**6/720 - c**5/30 + c**4/24 + c**3/3 - 93*c**2. Let j(v) be the second derivative of s(v). Give j(2).
-2
Let l be (-14)/((-2)/((-60)/(-35))). Let r(z) be the first derivative of l - z - 1/3*z**3 + 2*z**2. Determine r(3).
2
Suppose 2*n = -0*x + 2*x - 18, -18 = -2*x + 4*n. Let v(h) = -h**2 - 11*h - 22. Let w be v(-8). Let c(l) = 84*l**2 - 6 - 83*l**w + 9 - 10*l. Give c(x).
-6
Suppose -1 = 4*r + 3*d - 4, -5*r = 2*d - 9. Let g be -9*(r + 87/(-27)). Let i(o) be the third derivative of -11*o**4/24 + o**3/6 - 24*o**2. Determine i(g).
-21
Let o(t) be the third derivative of t**4/2 + 19*t**3/6 - 2831*t**2. Determine o(4).
67
Let s = -3582 + 3576. Let u(c) = 2*c**2 + c + 5. Calculate u(s).
71
Let j(l) = 2*l - 10. Suppose 87*z = 85*z + 14. Let t be z/(-21)*0/(-2). Calculate j(t).
-10
Let f(d) be the third derivative of 0 - 221*d**2 + 13/6*d**3 + 1/60*d**5 - 1/2*d**4 + 0*d. What is f(10)?
-7
Let a(u) = 4*u**2 - 8*u - 5. Let z(x) = -3*x**2 + 9*x + 4. Suppose -54 + 68 = 7*h. Let l(s) = h*a(s) + 3*z(s). What is l(11)?
2
Let i(j) = 8*j**3 + 1795*j**2 + 673*j + 229. Let n be i(-224). Let k(p) be the third derivative of 0*p + 5/6*p**3 - 1/12*p**4 + 2*p**2 + 0. Determine k